{"id":2423,"date":"2025-12-12T11:28:28","date_gmt":"2025-12-12T10:28:28","guid":{"rendered":"https:\/\/www.mythonet.cz\/?post_type=product&#038;p=2423"},"modified":"2026-03-29T19:22:30","modified_gmt":"2026-03-29T17:22:30","slug":"thonet-zidle","status":"publish","type":"product","link":"https:\/\/www.mythonet.cz\/?product=thonet-zidle","title":{"rendered":"Thonet \u017eidle"},"content":{"rendered":"","protected":false},"excerpt":{"rendered":"<p>N\u00e1dhern\u00e9 \u017eidle zna\u010dky Thonet po kompletn\u00ed renovaci. Vhodn\u00e9 k Va\u0161emu j\u00eddeln\u00edmu \u010di pracovn\u00edmu stolu.<\/p>\n<ul>\n<li><strong>Stav: po kompletn\u00ed renovaci\u00a0<\/strong><\/li>\n<li><strong>Cena je uvedena za cel\u00fd komplet t\u0159\u00ed \u017eidl\u00ed\u00a0<\/strong><\/li>\n<\/ul>\n","protected":false},"featured_media":2419,"template":"","meta":[],"product_cat":[44],"product_tag":[],"_links":{"self":[{"href":"https:\/\/www.mythonet.cz\/index.php?rest_route=\/wp\/v2\/product\/2423"}],"collection":[{"href":"https:\/\/www.mythonet.cz\/index.php?rest_route=\/wp\/v2\/product"}],"about":[{"href":"https:\/\/www.mythonet.cz\/index.php?rest_route=\/wp\/v2\/types\/product"}],"wp:featuredmedia":[{"embeddable":true,"href":"https:\/\/www.mythonet.cz\/index.php?rest_route=\/wp\/v2\/media\/2419"}],"wp:attachment":[{"href":"https:\/\/www.mythonet.cz\/index.php?rest_route=%2Fwp%2Fv2%2Fmedia&parent=2423"}],"wp:term":[{"taxonomy":"product_cat","embeddable":true,"href":"https:\/\/www.mythonet.cz\/index.php?rest_route=%2Fwp%2Fv2%2Fproduct_cat&post=2423"},{"taxonomy":"product_tag","embeddable":true,"href":"https:\/\/www.mythonet.cz\/index.php?rest_route=%2Fwp%2Fv2%2Fproduct_tag&post=2423"}],"curies":[{"name":"wp","href":"https:\/\/api.w.org\/{rel}","templated":true}]}}