{"id":2382,"date":"2025-09-08T14:11:54","date_gmt":"2025-09-08T12:11:54","guid":{"rendered":"https:\/\/www.mythonet.cz\/?post_type=product&#038;p=2382"},"modified":"2025-10-17T20:28:42","modified_gmt":"2025-10-17T18:28:42","slug":"polokreslo-thonet","status":"publish","type":"product","link":"https:\/\/www.mythonet.cz\/?product=polokreslo-thonet","title":{"rendered":"Polok\u0159eslo Thonet"},"content":{"rendered":"","protected":false},"excerpt":{"rendered":"<p>N\u00e1dhern\u00e9 polok\u0159eslo zna\u010dky Thonet po kompletn\u00ed renovaci, v barv\u011b tmav\u00e9 hn\u011bdi. Hod\u00edc\u00ed se k Va\u0161emu pracovn\u00edmu nebo j\u00eddeln\u00edmu stolu.<\/p>\n<ul>\n<li><strong>Stav: Po kompletn\u00ed renovaci<\/strong><\/li>\n<\/ul>\n","protected":false},"featured_media":2370,"template":"","meta":[],"product_cat":[58],"product_tag":[],"_links":{"self":[{"href":"https:\/\/www.mythonet.cz\/index.php?rest_route=\/wp\/v2\/product\/2382"}],"collection":[{"href":"https:\/\/www.mythonet.cz\/index.php?rest_route=\/wp\/v2\/product"}],"about":[{"href":"https:\/\/www.mythonet.cz\/index.php?rest_route=\/wp\/v2\/types\/product"}],"wp:featuredmedia":[{"embeddable":true,"href":"https:\/\/www.mythonet.cz\/index.php?rest_route=\/wp\/v2\/media\/2370"}],"wp:attachment":[{"href":"https:\/\/www.mythonet.cz\/index.php?rest_route=%2Fwp%2Fv2%2Fmedia&parent=2382"}],"wp:term":[{"taxonomy":"product_cat","embeddable":true,"href":"https:\/\/www.mythonet.cz\/index.php?rest_route=%2Fwp%2Fv2%2Fproduct_cat&post=2382"},{"taxonomy":"product_tag","embeddable":true,"href":"https:\/\/www.mythonet.cz\/index.php?rest_route=%2Fwp%2Fv2%2Fproduct_tag&post=2382"}],"curies":[{"name":"wp","href":"https:\/\/api.w.org\/{rel}","templated":true}]}}