{"id":2380,"date":"2025-09-08T13:53:45","date_gmt":"2025-09-08T11:53:45","guid":{"rendered":"https:\/\/www.mythonet.cz\/?post_type=product&#038;p=2380"},"modified":"2026-04-12T10:19:08","modified_gmt":"2026-04-12T08:19:08","slug":"polokresilko-thonet-b47","status":"publish","type":"product","link":"https:\/\/www.mythonet.cz\/?product=polokresilko-thonet-b47","title":{"rendered":"Polok\u0159es\u00edlko Thonet B47"},"content":{"rendered":"","protected":false},"excerpt":{"rendered":"<p>N\u00e1dhern\u00e9 polok\u0159eslo zna\u010dky Thonet po kompletn\u00ed renovaci v\u010detn\u011b \u010daloun\u011bn\u00e9ho sed\u00e1ku. Hod\u00edc\u00ed se k Va\u0161emu pracovn\u00edmu nebo j\u00eddeln\u00edmu stolu.<\/p>\n<ul>\n<li><strong>Stav: Po kompletn\u00ed renovaci<\/strong><\/li>\n<\/ul>\n","protected":false},"featured_media":2361,"template":"","meta":[],"product_cat":[58],"product_tag":[49],"_links":{"self":[{"href":"https:\/\/www.mythonet.cz\/index.php?rest_route=\/wp\/v2\/product\/2380"}],"collection":[{"href":"https:\/\/www.mythonet.cz\/index.php?rest_route=\/wp\/v2\/product"}],"about":[{"href":"https:\/\/www.mythonet.cz\/index.php?rest_route=\/wp\/v2\/types\/product"}],"wp:featuredmedia":[{"embeddable":true,"href":"https:\/\/www.mythonet.cz\/index.php?rest_route=\/wp\/v2\/media\/2361"}],"wp:attachment":[{"href":"https:\/\/www.mythonet.cz\/index.php?rest_route=%2Fwp%2Fv2%2Fmedia&parent=2380"}],"wp:term":[{"taxonomy":"product_cat","embeddable":true,"href":"https:\/\/www.mythonet.cz\/index.php?rest_route=%2Fwp%2Fv2%2Fproduct_cat&post=2380"},{"taxonomy":"product_tag","embeddable":true,"href":"https:\/\/www.mythonet.cz\/index.php?rest_route=%2Fwp%2Fv2%2Fproduct_tag&post=2380"}],"curies":[{"name":"wp","href":"https:\/\/api.w.org\/{rel}","templated":true}]}}