{"id":2348,"date":"2025-07-13T14:00:55","date_gmt":"2025-07-13T12:00:55","guid":{"rendered":"https:\/\/www.mythonet.cz\/?post_type=product&#038;p=2348"},"modified":"2025-08-19T17:08:27","modified_gmt":"2025-08-19T15:08:27","slug":"thonet-stolicka","status":"publish","type":"product","link":"https:\/\/www.mythonet.cz\/?product=thonet-stolicka","title":{"rendered":"Thonet stoli\u010dka"},"content":{"rendered":"","protected":false},"excerpt":{"rendered":"<p>Stoli\u010dka zna\u010dky Thonet po kompletn\u00ed renovaci v barv\u011b tmav\u00e1 hn\u011b\u010f.<\/p>\n<ul>\n<li><strong>Stav: Po kompletn\u00ed renovaci<\/strong><\/li>\n<\/ul>\n","protected":false},"featured_media":2335,"template":"","meta":[],"product_cat":[42],"product_tag":[],"_links":{"self":[{"href":"https:\/\/www.mythonet.cz\/index.php?rest_route=\/wp\/v2\/product\/2348"}],"collection":[{"href":"https:\/\/www.mythonet.cz\/index.php?rest_route=\/wp\/v2\/product"}],"about":[{"href":"https:\/\/www.mythonet.cz\/index.php?rest_route=\/wp\/v2\/types\/product"}],"wp:featuredmedia":[{"embeddable":true,"href":"https:\/\/www.mythonet.cz\/index.php?rest_route=\/wp\/v2\/media\/2335"}],"wp:attachment":[{"href":"https:\/\/www.mythonet.cz\/index.php?rest_route=%2Fwp%2Fv2%2Fmedia&parent=2348"}],"wp:term":[{"taxonomy":"product_cat","embeddable":true,"href":"https:\/\/www.mythonet.cz\/index.php?rest_route=%2Fwp%2Fv2%2Fproduct_cat&post=2348"},{"taxonomy":"product_tag","embeddable":true,"href":"https:\/\/www.mythonet.cz\/index.php?rest_route=%2Fwp%2Fv2%2Fproduct_tag&post=2348"}],"curies":[{"name":"wp","href":"https:\/\/api.w.org\/{rel}","templated":true}]}}