{"id":2305,"date":"2025-04-22T14:54:37","date_gmt":"2025-04-22T12:54:37","guid":{"rendered":"https:\/\/www.mythonet.cz\/?post_type=product&#038;p=2305"},"modified":"2026-03-29T19:25:10","modified_gmt":"2026-03-29T17:25:10","slug":"polokreslo-thonet-2","status":"publish","type":"product","link":"https:\/\/www.mythonet.cz\/?product=polokreslo-thonet-2","title":{"rendered":"K\u0159eslo Thonet"},"content":{"rendered":"","protected":false},"excerpt":{"rendered":"<p>Mohutn\u00e9 k\u0159eslo zna\u010dky Thonet s polstrovan\u00fdm sed\u00e1kem a op\u011brkou v secesn\u00ed l\u00e1tce.<\/p>\n<ul>\n<li><strong>Stav: po kompletn\u00ed renovaci v\u010detn\u011b nov\u00e9ho \u010daloun\u011bn\u00ed\u00a0<\/strong><\/li>\n<\/ul>\n","protected":false},"featured_media":2261,"template":"","meta":[],"product_cat":[45],"product_tag":[],"_links":{"self":[{"href":"https:\/\/www.mythonet.cz\/index.php?rest_route=\/wp\/v2\/product\/2305"}],"collection":[{"href":"https:\/\/www.mythonet.cz\/index.php?rest_route=\/wp\/v2\/product"}],"about":[{"href":"https:\/\/www.mythonet.cz\/index.php?rest_route=\/wp\/v2\/types\/product"}],"wp:featuredmedia":[{"embeddable":true,"href":"https:\/\/www.mythonet.cz\/index.php?rest_route=\/wp\/v2\/media\/2261"}],"wp:attachment":[{"href":"https:\/\/www.mythonet.cz\/index.php?rest_route=%2Fwp%2Fv2%2Fmedia&parent=2305"}],"wp:term":[{"taxonomy":"product_cat","embeddable":true,"href":"https:\/\/www.mythonet.cz\/index.php?rest_route=%2Fwp%2Fv2%2Fproduct_cat&post=2305"},{"taxonomy":"product_tag","embeddable":true,"href":"https:\/\/www.mythonet.cz\/index.php?rest_route=%2Fwp%2Fv2%2Fproduct_tag&post=2305"}],"curies":[{"name":"wp","href":"https:\/\/api.w.org\/{rel}","templated":true}]}}