{"id":2296,"date":"2025-04-21T09:23:08","date_gmt":"2025-04-21T07:23:08","guid":{"rendered":"https:\/\/www.mythonet.cz\/?post_type=product&#038;p=2296"},"modified":"2026-03-29T19:24:33","modified_gmt":"2026-03-29T17:24:33","slug":"thonet-zidle-s-polstrovanim","status":"publish","type":"product","link":"https:\/\/www.mythonet.cz\/?product=thonet-zidle-s-polstrovanim","title":{"rendered":"Thonet \u017eidle s polstrov\u00e1n\u00edm"},"content":{"rendered":"","protected":false},"excerpt":{"rendered":"<p>N\u00e1dhern\u00e9 \u017eidle zna\u010dky Thonet po kompletn\u00ed renovaci v\u010detn\u011b nov\u00fdch \u010daloun\u011bn\u00fdch sed\u00e1k\u016f. Vhodn\u00e9 k Va\u0161emu j\u00eddeln\u00edmu \u010di pracovn\u00edmu stolu.<\/p>\n<ul>\n<li><strong>Stav: po kompletn\u00ed renovaci\u00a0<\/strong><\/li>\n<li><strong>Cena je uvedena za cel\u00fd komplet \u010dty\u0159 \u017eidl\u00ed\u00a0<\/strong><\/li>\n<\/ul>\n","protected":false},"featured_media":2247,"template":"","meta":[],"product_cat":[44],"product_tag":[49],"_links":{"self":[{"href":"https:\/\/www.mythonet.cz\/index.php?rest_route=\/wp\/v2\/product\/2296"}],"collection":[{"href":"https:\/\/www.mythonet.cz\/index.php?rest_route=\/wp\/v2\/product"}],"about":[{"href":"https:\/\/www.mythonet.cz\/index.php?rest_route=\/wp\/v2\/types\/product"}],"wp:featuredmedia":[{"embeddable":true,"href":"https:\/\/www.mythonet.cz\/index.php?rest_route=\/wp\/v2\/media\/2247"}],"wp:attachment":[{"href":"https:\/\/www.mythonet.cz\/index.php?rest_route=%2Fwp%2Fv2%2Fmedia&parent=2296"}],"wp:term":[{"taxonomy":"product_cat","embeddable":true,"href":"https:\/\/www.mythonet.cz\/index.php?rest_route=%2Fwp%2Fv2%2Fproduct_cat&post=2296"},{"taxonomy":"product_tag","embeddable":true,"href":"https:\/\/www.mythonet.cz\/index.php?rest_route=%2Fwp%2Fv2%2Fproduct_tag&post=2296"}],"curies":[{"name":"wp","href":"https:\/\/api.w.org\/{rel}","templated":true}]}}