{"id":2233,"date":"2024-12-16T11:25:32","date_gmt":"2024-12-16T10:25:32","guid":{"rendered":"https:\/\/www.mythonet.cz\/?post_type=product&#038;p=2233"},"modified":"2025-04-23T08:50:58","modified_gmt":"2025-04-23T06:50:58","slug":"thonet-zidle-c-18","status":"publish","type":"product","link":"https:\/\/www.mythonet.cz\/?product=thonet-zidle-c-18","title":{"rendered":"Thonet \u017eidle \u010d.18"},"content":{"rendered":"","protected":false},"excerpt":{"rendered":"<p>N\u00e1dhern\u00e9 lehk\u00e9 \u017eidle zna\u010dky Thonet po kompletn\u00ed renovaci. Vhodn\u00e9 k Va\u0161emu j\u00eddeln\u00edmu \u010di pracovn\u00edmu stolu.<\/p>\n<p>Ka\u017ed\u00e1 \u017eidle je jedine\u010dn\u00e1 a origin\u00e1ln\u00ed.<\/p>\n<ul>\n<li><strong>Stav: po kompletn\u00ed renovaci\u00a0<\/strong><\/li>\n<\/ul>\n<p><span style=\"color: #ff0000;\">Lze objednat po telefonick\u00e9 dohod\u011b\u00a0<\/span><\/p>\n","protected":false},"featured_media":2230,"template":"","meta":[],"product_cat":[62,44],"product_tag":[],"_links":{"self":[{"href":"https:\/\/www.mythonet.cz\/index.php?rest_route=\/wp\/v2\/product\/2233"}],"collection":[{"href":"https:\/\/www.mythonet.cz\/index.php?rest_route=\/wp\/v2\/product"}],"about":[{"href":"https:\/\/www.mythonet.cz\/index.php?rest_route=\/wp\/v2\/types\/product"}],"wp:featuredmedia":[{"embeddable":true,"href":"https:\/\/www.mythonet.cz\/index.php?rest_route=\/wp\/v2\/media\/2230"}],"wp:attachment":[{"href":"https:\/\/www.mythonet.cz\/index.php?rest_route=%2Fwp%2Fv2%2Fmedia&parent=2233"}],"wp:term":[{"taxonomy":"product_cat","embeddable":true,"href":"https:\/\/www.mythonet.cz\/index.php?rest_route=%2Fwp%2Fv2%2Fproduct_cat&post=2233"},{"taxonomy":"product_tag","embeddable":true,"href":"https:\/\/www.mythonet.cz\/index.php?rest_route=%2Fwp%2Fv2%2Fproduct_tag&post=2233"}],"curies":[{"name":"wp","href":"https:\/\/api.w.org\/{rel}","templated":true}]}}