{"id":2125,"date":"2023-11-29T18:12:23","date_gmt":"2023-11-29T17:12:23","guid":{"rendered":"https:\/\/www.mythonet.cz\/?post_type=product&#038;p=2125"},"modified":"2025-04-23T09:06:50","modified_gmt":"2025-04-23T07:06:50","slug":"halabala-kresla-h-269","status":"publish","type":"product","link":"https:\/\/www.mythonet.cz\/?product=halabala-kresla-h-269","title":{"rendered":"Halabala k\u0159esla H-269"},"content":{"rendered":"","protected":false},"excerpt":{"rendered":"<p><span style=\"color: #333333;\">Ikona \u010desk\u00e9ho n\u00e1bytk\u00e1\u0159stv\u00ed Prvn\u00ed republiky \u2013 k\u0159eslo H 269 \u2013 je jedn\u00edm z nejzn\u00e1m\u011bj\u0161\u00edch n\u00e1vrh\u016f Jind\u0159icha Halabaly vyr\u00e1b\u011bn\u00fdm s\u00e9riov\u011b je\u0161t\u011b v 50. letech minul\u00e9ho stolet\u00ed. K\u0159eslo si d\u00edky sv\u00e9mu elegantn\u00edmu tvaru a pohodl\u00ed, kter\u00e9 poskytovalo, pr\u00e1vem na\u0161lo nespo\u010det majitel\u016f.\u00a0<\/span><\/p>\n<ul>\n<li><span style=\"color: #333333;\"><strong>Stav: po kompletn\u00ed renovaci\u00a0<\/strong><\/span><\/li>\n<\/ul>\n","protected":false},"featured_media":2144,"template":"","meta":[],"product_cat":[45],"product_tag":[],"_links":{"self":[{"href":"https:\/\/www.mythonet.cz\/index.php?rest_route=\/wp\/v2\/product\/2125"}],"collection":[{"href":"https:\/\/www.mythonet.cz\/index.php?rest_route=\/wp\/v2\/product"}],"about":[{"href":"https:\/\/www.mythonet.cz\/index.php?rest_route=\/wp\/v2\/types\/product"}],"wp:featuredmedia":[{"embeddable":true,"href":"https:\/\/www.mythonet.cz\/index.php?rest_route=\/wp\/v2\/media\/2144"}],"wp:attachment":[{"href":"https:\/\/www.mythonet.cz\/index.php?rest_route=%2Fwp%2Fv2%2Fmedia&parent=2125"}],"wp:term":[{"taxonomy":"product_cat","embeddable":true,"href":"https:\/\/www.mythonet.cz\/index.php?rest_route=%2Fwp%2Fv2%2Fproduct_cat&post=2125"},{"taxonomy":"product_tag","embeddable":true,"href":"https:\/\/www.mythonet.cz\/index.php?rest_route=%2Fwp%2Fv2%2Fproduct_tag&post=2125"}],"curies":[{"name":"wp","href":"https:\/\/api.w.org\/{rel}","templated":true}]}}