{"id":1165,"date":"2025-09-08T13:40:53","date_gmt":"2025-09-08T11:40:53","guid":{"rendered":"https:\/\/www.mythonet.cz\/?post_type=product&#038;p=1165"},"modified":"2025-12-05T20:22:12","modified_gmt":"2025-12-05T19:22:12","slug":"ironica-thonet-zidle-cervene","status":"publish","type":"product","link":"https:\/\/www.mythonet.cz\/?product=ironica-thonet-zidle-cervene","title":{"rendered":"IRONICA Thonet \u017eidle &#8211; \u010derven\u00e9"},"content":{"rendered":"","protected":false},"excerpt":{"rendered":"<p>Rozhodli jsme se, \u017ee t\u011bmto \u017eidl\u00edm zkus\u00edme d\u00e1t nov\u00fd n\u00e1dech. Cht\u011bli jsme je ud\u011blat n\u011b\u010d\u00edm v\u00fdjime\u010dn\u00e9 a zvl\u00e1\u0161tn\u00ed. Proto jsme jim dali kab\u00e1tek \u010derven\u00e9 barvy. Zamilovat se m\u016f\u017eete do jejich modern\u00edho designu a pohodln\u00e9ho sezen\u00ed.<\/p>\n<ul>\n<li style=\"list-style-type: none;\">\n<ul>\n<li><strong>Stav: po kompletn\u00ed renovaci<\/strong><\/li>\n<li><strong>Cena je uvedena za cel\u00fd komplet \u010dty\u0159 \u017eidl\u00ed\u00a0<\/strong><\/li>\n<\/ul>\n<\/li>\n<\/ul>\n<p>&nbsp;<\/p>\n","protected":false},"featured_media":2367,"template":"","meta":[],"product_cat":[44],"product_tag":[],"_links":{"self":[{"href":"https:\/\/www.mythonet.cz\/index.php?rest_route=\/wp\/v2\/product\/1165"}],"collection":[{"href":"https:\/\/www.mythonet.cz\/index.php?rest_route=\/wp\/v2\/product"}],"about":[{"href":"https:\/\/www.mythonet.cz\/index.php?rest_route=\/wp\/v2\/types\/product"}],"wp:featuredmedia":[{"embeddable":true,"href":"https:\/\/www.mythonet.cz\/index.php?rest_route=\/wp\/v2\/media\/2367"}],"wp:attachment":[{"href":"https:\/\/www.mythonet.cz\/index.php?rest_route=%2Fwp%2Fv2%2Fmedia&parent=1165"}],"wp:term":[{"taxonomy":"product_cat","embeddable":true,"href":"https:\/\/www.mythonet.cz\/index.php?rest_route=%2Fwp%2Fv2%2Fproduct_cat&post=1165"},{"taxonomy":"product_tag","embeddable":true,"href":"https:\/\/www.mythonet.cz\/index.php?rest_route=%2Fwp%2Fv2%2Fproduct_tag&post=1165"}],"curies":[{"name":"wp","href":"https:\/\/api.w.org\/{rel}","templated":true}]}}